/19)/(-1). Let a(q) = 6*q**2 - 24*q + 9. Let l be a(h). Calculate the highest common factor of 135 and l.
27
Let t be (60/96)/(-3 + (-75)/(-24)). Suppose 3*l + b - 122 = 6*b, 0 = t*l + b - 166. Suppose d - 11 - 74 = 0. What is the highest common factor of d and l?
17
Let q(s) be the first derivative of -5*s**2/2 + 60*s - 64. Let k be q(0). Calculate the greatest common divisor of k and 210.
30
Let t = 293 + -281. Let n be 13965/90 + (-1)/t*2. What is the greatest common divisor of 62 and n?
31
Suppose 72 = 3*o - 9. Suppose -201*j - 305*j + 68*j + 6660 = 6*j. What is the highest common factor of o and j?
3
Suppose -6*c = 15*c - 1197. What is the greatest common divisor of 2451 and c?
57
Suppose 53 - 197 = 4*x. Let p be (-4)/3*(-54)/x. Let j be 1/(p + 4) - (-2)/4. What is the greatest common factor of j and 8?
1
Suppose 4*m + 5*x - 24586 = 0, 30716 = 17*m - 12*m - 2*x. What is the greatest common factor of 24 and m?
24
Let l = 12226 + -7689. Calculate the greatest common factor of 52 and l.
13
Suppose -7*c = -4*c + 9, -5 = 2*p + 5*c. Suppose -4*i - 7 = v, -82 = -p*v + 5*i + 8. Calculate the highest common divisor of v and 52.
13
Let p(n) = 59*n**2 + 22*n + 19. Suppose 106 = -28*k - 6. Let b be p(k). Calculate the greatest common factor of 7 and b.
7
Let u(w) = w**3 - 19*w**2 + 40*w - 251. Let l be u(18). Calculate the highest common factor of l and 45.
5
Let n be (-3 - (-4 - 515)) + 0. Let z be (-6 - -16) + (-4 - -6). What is the highest common divisor of n and z?
12
Suppose -1591 = -8*k + 353. Let u be -4 - k/(-12) - (-5)/(-20). Suppose x - 51 = o, 0*x + 2*x + o = 93. What is the greatest common factor of u and x?
16
Suppose 4*s + j - 160 = 0, 5*s + 4*j - 215 = -j. Suppose 15122 + 21358 = 2274*y - 52206. What is the greatest common factor of y and s?
39
Suppose -s - 78300 = -s - 6*s. What is the highest common factor of s and 225?
225
Suppose -3*i = -h - 256 + 550, -1502 = -5*h - i. What is the highest common factor of h and 96?
12
Suppose 5 = -5*u, -20*s + 16*s + u = -185. Calculate the highest common divisor of 20447 and s.
23
Let j be 0 - 4684/(-26) - 12/78. Suppose 0 = 4*f - 2*d + d - 304, 8 = -2*d. Calculate the greatest common factor of f and j.
15
Suppose -15 = -q + 44. Let o be (4*28/6)/(4/(-12)). Let p = q + o. Calculate the greatest common factor of 2 and p.
1
Suppose t - 7 = w + 1, w + t = -12. Let g be 9 + (-10)/(w/3). Let u(j) = -16*j**3 + j**2. Let q be u(-2). What is the highest common factor of g and q?
12
Suppose -2*l + 3*i - 69 = -71, -5*l = -4*i - 12. What is the highest common factor of l and 745?
1
Let r be -1 + (-48)/(-54) - 118/(-9). Suppose -r*d = -19*d + 1632. Calculate the highest common factor of 16 and d.
16
Let g = -3843 - -3871. Let m = 35 + 2. Let k = m - g. What is the highest common divisor of 72 and k?
9
Suppose -4*x = l - 279 - 111, -x = -4*l + 1509. Calculate the greatest common factor of l and 69.
3
Let m = 402 - 401. Let k be (-2 + 6/4)/(2/(-4)). Calculate the highest common divisor of k and m.
1
Let f(n) = 11*n + 32. Let q be f(10). Suppose 9*k - 299 - q = 0. Suppose -59 = -4*m + k. What is the highest common factor of m and 18?
9
Let w = -30126 + 30202. What is the highest common factor of w and 21698?
38
Suppose 3*c = 9, 37*c + 139 = 5*g + 35*c. Suppose 2*p = f - 41, 2*f - 30*p - 97 = -g*p. What is the highest common factor of f and 102?
51
Suppose -4*t - 3*p = -1395, -1735 = -9*t + 4*t + 5*p. Let a = 2535 + -2506. Calculate the greatest common divisor of t and a.
29
Suppose 0 = -11*h + 19*h - 16. Suppose -4*j + 7*j = h*k + 81, -2*j = -3*k - 49. What is the highest common factor of j and 29?
29
Suppose -9*l + 1640 = 16*l + 340. Calculate the highest common divisor of 108 and l.
4
Let d(m) = 238*m - 17580. Let h be d(134). What is the greatest common divisor of h and 16?
8
Suppose -59*h = -17719 - 71076. Suppose 978*x + h = 985*x. Let u = -48 + 91. What is the greatest common divisor of x and u?
43
Suppose 0 = 5*o - 0*o + 2640. Let h = o - -533. Calculate the greatest common factor of h and 3.
1
Let b be -53 + 64 - (0 - 9). Let l be 0/((-1 - -2) + 0). Suppose 0 = 3*k - 5*s - 85, -5*k + 120 = -4*s - l*s. What is the highest common factor of k and b?
20
Suppose 227*n + 4*p + 103 = 232*n, -2*p = -3*n + 61. What is the greatest common divisor of n and 3857?
19
Suppose -4*n - 4 = 0, -128*y + 5 = -125*y + 4*n. Let f be 9/3*1*1. Let c be 4/3*f - 0. Calculate the highest common factor of c and y.
1
Let b = -16 - -19. Suppose -l + b*l - 30 = 0. Let m = -14 + l. What is the greatest common factor of m and 7?
1
Suppose 0 = 5*i + u - 1, 3*i + 2*u - 1 = -6. Calculate the greatest common divisor of 1861 and i.
1
Let o = 515 - -185. Calculate the greatest common factor of o and 2300.
100
Suppose -5*w - 5*p + 2992 = -1923, -w = 7*p - 965. What is the greatest common divisor of 136 and w?
34
Let t be (-2)/(-8) + 0 - (-3950)/200. What is the greatest common divisor of t and 745?
5
Suppose -73*y = -67*y - 24. Suppose -y*u + 2643 = -25*h + 22*h, -5*u = 2*h - 3321. What is the greatest common factor of u and 102?
51
Suppose 5*n + p = 211, n + p + 6 - 49 = 0. Calculate the greatest common divisor of n and 1743.
21
Let k(i) = -5*i**2 + 13*i + 26. Let s be k(-3). Let c be 5*1 - (s - 153). Let d be -5*(2 + 68/(-10)). Calculate the greatest common factor of c and d.
24
Let x = -8 - -16. Let c = 52 - x. What is the highest common divisor of c and 4?
4
Suppose 150*a - 82 - 3107 = 1611. What is the greatest common divisor of 11344 and a?
16
Let m = 4022 - 3947. What is the greatest common factor of m and 315?
15
Let z(l) = 18*l + 3055. Let q be z(39). Calculate the greatest common divisor of q and 65.
13
Suppose -3*p = -2*j + 3040, 527*j + 2*p - 7657 = 522*j. Calculate the greatest common divisor of 33 and j.
11
Let c(d) = d**2 - 13*d + 110. Let t be c(5). What is the highest common divisor of 2835 and t?
35
Let n be -181*(-3 - (0 - 4)). Let x = -175 - n. What is the highest common factor of x and 48?
6
Suppose -z - 6 = -2*a + 21, 4*a = -2*z + 50. Let w(f) = -18*f - 349. Let g be w(-36). Calculate the highest common factor of a and g.
13
Suppose -g - 205 = -4*i, -i + 3*g = 6*g - 48. Let b be -3*(2/4)/(1/(-272)). What is the highest common divisor of i and b?
51
Let k = 8919 + -8359. Calculate the highest common divisor of 10920 and k.
280
Suppose 163*i = 133*i + 5760. Calculate the greatest common divisor of i and 1632.
96
Suppose -h = 8 - 13. Let r = -1 + 3. Suppose -3*i + 2*i = r*a - 3, 3*i = -2*a + h. Calculate the highest common factor of i and 1.
1
Let d(i) = 2*i**2 - 62*i + 518. Let f be d(14). Calculate the greatest common divisor of 13146 and f.
42
Let a(k) = 241*k - 1201. Let q be a(111). What is the highest common divisor of q and 292?
146
Let l(n) = -38*n**3 + n**2 + n - 1. Let v be l(-1). Suppose -h - v = -217. Let j = -75 + h. What is the greatest common divisor of 42 and j?
21
Suppose -618856 = -126*q - 227050 + 605232. What is the greatest common factor of 82 and q?
41
Suppose -937 = 13*r + 441. Let i = r - -158. Suppose 55*a - 108 = i*a. Calculate the highest common divisor of a and 18.
18
Suppose -2*y - 3*s = -865, -5*y - 3*s + 2166 = s. Suppose 94 + y = 12*m. Calculate the highest common factor of 4 and m.
4
Let l(q) be the second derivative of q**4/3 - 2*q**3 + 4*q**2 + 3*q. Let m = -138 - -144. Let x be l(m). Calculate the highest common factor of x and 16.
16
Let g(b) = 7*b**2 + b + 1. Let j be g(-2). Let u = 1 + j. Suppose -68*r = -82*r + 4312. Calculate the highest common factor of r and u.
28
Suppose -15*k + 22*k = 2702. Let w be k/10 + 90/225. Let t(v) = 2*v**2 - 2*v - 8. Let j be t(6). Calculate the greatest common divisor of w and j.
13
Let r be 1/(-4) - 740/(-16). Let g(n) = n**2 + 5*n - 17. Let z be g(3). Suppose z*a + 4 - r = 0. Calculate the highest common divisor of a and 54.
6
Suppose 4*n + 32 = -4*g, -2*n + 6 = -4*n. Let l be (7 - 3)*g/(-4). Calculate the greatest common divisor of 1 and l.
1
Let g = -518 + 896. Let s = g - 366. Calculate the highest common divisor of s and 42.
6
Suppose -43 = 12*f - 55. Let b be f/6*-6 + -2 + 5. Suppose -5*r - 15 - 26 = -2*s, -4*s - 2*r + 70 = 0. What is the greatest common divisor of b and s?
2
Let h(a) = -53*a + 38. Let i be h(3). Let b = -119 - i. What is th